{"id":5593,"date":"2024-10-16T14:16:20","date_gmt":"2024-10-16T13:16:20","guid":{"rendered":"https:\/\/www.wagnerverlag.at\/content\/?post_type=product&#038;p=5593"},"modified":"2024-10-16T14:39:25","modified_gmt":"2024-10-16T13:39:25","slug":"arbeiterpriester","status":"publish","type":"product","link":"https:\/\/www.wagnerverlag.at\/content\/?product=arbeiterpriester","title":{"rendered":"Arbeiterpriester"},"content":{"rendered":"<p>EIN BUCH, DAS WIR GERNE EMPFEHLEN!<\/p>\n<p>Eva Pipan und Franz Sieder legen ein im Selbstverlag herausgegebenes Buch vor, das Einblick in das Leben franz\u00f6sischer, aber auch \u00f6sterreichischer Arbeiterpriester gibt. Das Vorbild der Arbeiterpriester, das Evangelium an den R\u00e4ndern der Gesellschaft zu verk\u00fcnden, gilt auch heute.\u00a0 Dieser Auftrag wird aber sehr zaghaft in der Kirche wahrgenommen. Die sogenannten \u201ebraven Schafe\u201c werden noch versorgt mit Gottesdiensten und Sakramenten. Heute ist aber nicht nur die Arbeitswelt ein Missionsfeld, sondern die ganze Gesellschaft.<\/p>\n","protected":false},"excerpt":{"rendered":"<p>100 Seiten, s\/w, Selbstverlag<\/p>\n<p>Bestelladresse: regenbogen56@gmx.at<\/p>\n","protected":false},"featured_media":5594,"comment_status":"closed","ping_status":"closed","template":"","meta":{"pgc_meta":"","kia_subtitle":"Symbol f\u00fcr eine andere Kirche"},"product_cat":[117],"product_tag":[467],"acf":[],"_links":{"self":[{"href":"https:\/\/www.wagnerverlag.at\/content\/index.php?rest_route=\/wp\/v2\/product\/5593"}],"collection":[{"href":"https:\/\/www.wagnerverlag.at\/content\/index.php?rest_route=\/wp\/v2\/product"}],"about":[{"href":"https:\/\/www.wagnerverlag.at\/content\/index.php?rest_route=\/wp\/v2\/types\/product"}],"replies":[{"embeddable":true,"href":"https:\/\/www.wagnerverlag.at\/content\/index.php?rest_route=%2Fwp%2Fv2%2Fcomments&post=5593"}],"wp:featuredmedia":[{"embeddable":true,"href":"https:\/\/www.wagnerverlag.at\/content\/index.php?rest_route=\/wp\/v2\/media\/5594"}],"wp:attachment":[{"href":"https:\/\/www.wagnerverlag.at\/content\/index.php?rest_route=%2Fwp%2Fv2%2Fmedia&parent=5593"}],"wp:term":[{"taxonomy":"product_cat","embeddable":true,"href":"https:\/\/www.wagnerverlag.at\/content\/index.php?rest_route=%2Fwp%2Fv2%2Fproduct_cat&post=5593"},{"taxonomy":"product_tag","embeddable":true,"href":"https:\/\/www.wagnerverlag.at\/content\/index.php?rest_route=%2Fwp%2Fv2%2Fproduct_tag&post=5593"}],"curies":[{"name":"wp","href":"https:\/\/api.w.org\/{rel}","templated":true}]}}