{"id":5369,"date":"2022-12-09T09:33:35","date_gmt":"2022-12-09T08:33:35","guid":{"rendered":"http:\/\/www.wagnerverlag.at\/content\/?post_type=product&#038;p=5369"},"modified":"2022-12-09T09:46:20","modified_gmt":"2022-12-09T08:46:20","slug":"lacrimae-2","status":"publish","type":"product","link":"https:\/\/www.wagnerverlag.at\/content\/?product=lacrimae-2","title":{"rendered":"Lacrimae"},"content":{"rendered":"<p>Die Ouverture spirituelle 2020 r\u00fcckte den Frieden ins Zentrum \u2013 den \u00e4u\u00dferen Frieden, gebrochen von den Kriegen dieser Welt, ebenso wie den inneren Frieden, bedroht durch uns selbst. Bei den begleitenden Disputationes besch\u00e4ftigen uns verschiedene Aspekte dieses gro\u00dfen Begriffs. Als Referenten sind in bew\u00e4hrter Weise Pers\u00f6nlichkeiten aus Kultur und Wissenschaft eingeladen, die sich diesem Thema stellen und dessen Bedeutung in den eigenen k\u00fcnstlerischen, politischen oder wissenschaftlichen Lebensbereichen er\u00f6rtern. Sie alle gehen der Frage nach, warum uns Dinge zu Tr\u00e4nen r\u00fchren, erkl\u00e4ren, warum Tr\u00e4nen wichtig sind und was es mit Krokodiltr\u00e4nen auf sich hat. Der Bogen spannt sich von der wissenschaftlichen Abhandlung \u00fcber die chemische Zusammensetzung von Tr\u00e4nen bis hin zum pers\u00f6nlichen Erfahrungsbericht des Karikaturisten Thomas Wizany, der mit seinen Zeichnungen Emotionen auf den Punkt bringt. Neben der Erl\u00e4uterung von bewusst sentimentalen Inszenierungen wird die spannungsvolle Wechselbeziehung von Musik und Trag\u00f6die mit den Emotionen des Publikums beleuchtet und Einblick in die Kunst, mit Emotionen umzugehen, gegeben. Literarisch findet die Ann\u00e4herung an das Thema Lacrimae durch Texte von Volksliedern, aber auch von Paulo Coelho, Franz Werfel und Andrea Grill statt, die alle Emotionen, Trauer und Trost zum Inhalt haben.<\/p>\n<p>&nbsp;<\/p>\n","protected":false},"excerpt":{"rendered":"<p>ISBN 9778-3-90304059-5<\/p>\n<p>Best.Nr. 2104<\/p>\n<p>Ladenpreis: 21,30 Euro<\/p>\n","protected":false},"featured_media":5371,"comment_status":"closed","ping_status":"closed","template":"","meta":{"pgc_meta":"","kia_subtitle":"Emotionen. Trauer. Trost"},"product_cat":[117],"product_tag":[393,396,394,395],"acf":[],"_links":{"self":[{"href":"https:\/\/www.wagnerverlag.at\/content\/index.php?rest_route=\/wp\/v2\/product\/5369"}],"collection":[{"href":"https:\/\/www.wagnerverlag.at\/content\/index.php?rest_route=\/wp\/v2\/product"}],"about":[{"href":"https:\/\/www.wagnerverlag.at\/content\/index.php?rest_route=\/wp\/v2\/types\/product"}],"replies":[{"embeddable":true,"href":"https:\/\/www.wagnerverlag.at\/content\/index.php?rest_route=%2Fwp%2Fv2%2Fcomments&post=5369"}],"wp:featuredmedia":[{"embeddable":true,"href":"https:\/\/www.wagnerverlag.at\/content\/index.php?rest_route=\/wp\/v2\/media\/5371"}],"wp:attachment":[{"href":"https:\/\/www.wagnerverlag.at\/content\/index.php?rest_route=%2Fwp%2Fv2%2Fmedia&parent=5369"}],"wp:term":[{"taxonomy":"product_cat","embeddable":true,"href":"https:\/\/www.wagnerverlag.at\/content\/index.php?rest_route=%2Fwp%2Fv2%2Fproduct_cat&post=5369"},{"taxonomy":"product_tag","embeddable":true,"href":"https:\/\/www.wagnerverlag.at\/content\/index.php?rest_route=%2Fwp%2Fv2%2Fproduct_tag&post=5369"}],"curies":[{"name":"wp","href":"https:\/\/api.w.org\/{rel}","templated":true}]}}

<p>Die Ouverture spirituelle 2020 rückte den Frieden ins Zentrum – den äußeren Frieden, gebrochen von den Kriegen dieser Welt, ebenso wie den inneren Frieden, bedroht durch uns selbst. Bei den begleitenden Disputationes beschäftigen uns verschiedene Aspekte dieses großen Begriffs. Als Referenten sind in bewährter Weise Persönlichkeiten aus Kultur und Wissenschaft eingeladen, die sich diesem Thema stellen und dessen Bedeutung in den eigenen künstlerischen, politischen oder wissenschaftlichen Lebensbereichen erörtern. Sie alle gehen der Frage nach, warum uns Dinge zu Tränen rühren, erklären, warum Tränen wichtig sind und was es mit Krokodiltränen auf sich hat. Der Bogen spannt sich von der wissenschaftlichen Abhandlung über die chemische Zusammensetzung von Tränen bis hin zum persönlichen Erfahrungsbericht des Karikaturisten Thomas Wizany, der mit seinen Zeichnungen Emotionen auf den Punkt bringt. Neben der Erläuterung von bewusst sentimentalen Inszenierungen wird die spannungsvolle Wechselbeziehung von Musik und Tragödie mit den Emotionen des Publikums beleuchtet und Einblick in die Kunst, mit Emotionen umzugehen, gegeben. Literarisch findet die Annäherung an das Thema Lacrimae durch Texte von Volksliedern, aber auch von Paulo Coelho, Franz Werfel und Andrea Grill statt, die alle Emotionen, Trauer und Trost zum Inhalt haben.</p>
<p>&nbsp;</p>
