{"id":5330,"date":"2022-09-01T08:33:44","date_gmt":"2022-09-01T07:33:44","guid":{"rendered":"http:\/\/www.wagnerverlag.at\/content\/?post_type=product&#038;p=5330"},"modified":"2022-09-01T08:43:03","modified_gmt":"2022-09-01T07:43:03","slug":"geschichte-der-caritas-der-erzdioezese-wien","status":"publish","type":"product","link":"https:\/\/www.wagnerverlag.at\/content\/?product=geschichte-der-caritas-der-erzdioezese-wien","title":{"rendered":"Geschichte der Caritas der Erzdi\u00f6zese Wien"},"content":{"rendered":"<p>Caritas, das ist die Dimension voraussetzungslosen Helfens in Not, ein in der Geschichte stets starker Arm des \u201epraktischen Christentums\u201c. Caritas kann daher auch als eine kirchliche \u201eErfolgsgeschichte\u201c gesehen werden, wie Meinungsumfragen best\u00e4tigen. Die Vorgeschichte zur Gr\u00fcndung der Wiener Caritas im November 1921 beginnt in diesem Buch mit einem ersten verbandlichen Zusammenschluss der katholischen Wohlt\u00e4tigkeitsvereine im Jahr 1897, aus dem sich zun\u00e4chst der Katholische Wohlt\u00e4tigkeitsverband f\u00fcr Nieder\u00f6sterreich, 1921 schlie\u00dflich der Caritasverband f\u00fcr die Erzdi\u00f6zese Wien entwickelte.<\/p>\n<p>In mehreren Abschnitten stellt die Autorin wichtige Entwicklungsb\u00f6gen dar:\u00a0 Organisationsformen, Aufgabengebiete,\u00a0 Weiterbildung und Professionalisierung, Finanzierungsquellen, mediale Pr\u00e4senz,\u00a0 Kooperationen mit der \u00f6ffentlichen F\u00fcrsorge und Einbindungsgrad in die katholische Kirchenorganisation.\u00a0 In allen Abschnitten werden auch die wichtigsten Akteur*innen sowie die im Verband zusammengeschlossenen Vereine vorgestellt.<\/p>\n<p><a href=\"https:\/\/www.wagnerverlag.at\/content\/wp-content\/uploads\/2022\/09\/Inhalt.pdf\">Inhalt<\/a><\/p>\n<p><a href=\"https:\/\/www.wagnerverlag.at\/content\/wp-content\/uploads\/2022\/09\/Einleitung.pdf\">Einleitung<\/a><\/p>\n","protected":false},"excerpt":{"rendered":"<p>ISBN 978-3-903040-66-3<\/p>\n<p>202 S.<\/p>\n<p>Best.Nr. 2204<\/p>\n","protected":false},"featured_media":5331,"comment_status":"closed","ping_status":"closed","template":"","meta":{"pgc_meta":"","kia_subtitle":""},"product_cat":[126],"product_tag":[389],"acf":[],"_links":{"self":[{"href":"https:\/\/www.wagnerverlag.at\/content\/index.php?rest_route=\/wp\/v2\/product\/5330"}],"collection":[{"href":"https:\/\/www.wagnerverlag.at\/content\/index.php?rest_route=\/wp\/v2\/product"}],"about":[{"href":"https:\/\/www.wagnerverlag.at\/content\/index.php?rest_route=\/wp\/v2\/types\/product"}],"replies":[{"embeddable":true,"href":"https:\/\/www.wagnerverlag.at\/content\/index.php?rest_route=%2Fwp%2Fv2%2Fcomments&post=5330"}],"wp:featuredmedia":[{"embeddable":true,"href":"https:\/\/www.wagnerverlag.at\/content\/index.php?rest_route=\/wp\/v2\/media\/5331"}],"wp:attachment":[{"href":"https:\/\/www.wagnerverlag.at\/content\/index.php?rest_route=%2Fwp%2Fv2%2Fmedia&parent=5330"}],"wp:term":[{"taxonomy":"product_cat","embeddable":true,"href":"https:\/\/www.wagnerverlag.at\/content\/index.php?rest_route=%2Fwp%2Fv2%2Fproduct_cat&post=5330"},{"taxonomy":"product_tag","embeddable":true,"href":"https:\/\/www.wagnerverlag.at\/content\/index.php?rest_route=%2Fwp%2Fv2%2Fproduct_tag&post=5330"}],"curies":[{"name":"wp","href":"https:\/\/api.w.org\/{rel}","templated":true}]}}