{"id":5326,"date":"2022-09-01T07:58:59","date_gmt":"2022-09-01T06:58:59","guid":{"rendered":"http:\/\/www.wagnerverlag.at\/content\/?post_type=product&#038;p=5326"},"modified":"2022-12-09T09:26:40","modified_gmt":"2022-12-09T08:26:40","slug":"lacrimae","status":"publish","type":"product","link":"https:\/\/www.wagnerverlag.at\/content\/?product=lacrimae","title":{"rendered":"Pax &#8211;"},"content":{"rendered":"<p>Pax \u2013 K\u00fcnstler, Theologen, Politikwissenschaftler und Friedensforscher beleuchten unter verschiedenen Aspekten diesen gro\u00dfen Begriff: den \u00e4u\u00dferen Frieden, gebrochen von den Kriegen dieser Welt, ebenso wie den inneren Frieden, bedroht durch uns selbst.<br \/>\nDieser Sammelband umfasst die Vortr\u00e4ge, die w\u00e4hrend der Disputationes im Rahmen der Ouverture spirituelle der Salzburger Festspiele 2021 gehalten wurden. Angesichts der welt-politischen Lage bei Erscheinen dieses Sammelbandes ein Jahr sp\u00e4ter, wirken manche Bei-tr\u00e4ge in dieser Nachlese prophetisch, andere m\u00fcssten heute anders formuliert werden und belegen so die Schnelllebigkeit unserer Zeit.<br \/>\nDie Frage, die Karl-Josef Kuschel in seinem Beitrag \u00fcber die Doppelgesichtigkeit der Religionen er\u00f6rtert, besch\u00e4ftigt jedoch schon seit Jahrzehnten Theologie und Politik: Kann Frieden und Gewalt im Namen Gottes stattfinden? Der Bogen der Beitr\u00e4ge spannt sich von der detaillierten Abhandlung \u00fcber Abr\u00fcstungsmechanismen und Chancen des inter-religi\u00f6sen Dialogs bis hin zum pers\u00f6nlichen Erfahrungsbericht des syrischen Fl\u00fcchtlings und Autors Jad Turjman, der sich wortw\u00f6rtlich auf die Suche nach Frieden begeben hat. Ist Frieden eine Geisteshaltung? Gibt es Melodien des Frieden? Und wie gelingt Frieden? Diese und weitere Fragen werden er\u00f6rtert und regen zum Nachdenken an.<br \/>\nDie Disputationes wurden 2012 in Kooperation mit den Salzburger Festspielen ins Leben gerufen, um den spirituellen Prolog der Salzburger Festspiele mit Diskussionen und wissenschaftlichen Er\u00f6rterungen zu bereichern und zur Reflektion \u00fcber interkulturelle und interreligi\u00f6se Themen anzuregen.<br \/>\nMit Beitr\u00e4gen von Hubert Achleitner, Lukas B\u00e4rfuss, Erhard Busek, Susanne Jalka, Alexander Kmentt, Karl-Josef Kuschel, Franz Lackner, Dana Landau, Regina Polak, Helga Rabl-Stadler, Clemens Sedmak, Jad Turjman und Dietmar W. Winkler.<\/p>\n<p><a href=\"https:\/\/www.wagnerverlag.at\/content\/wp-content\/uploads\/2022\/09\/DISPUTATIONES_PAX_2021_INNENTEIL_FINAL_PRINT_01_Inhalt_P08-14.pdf\">DISPUTATIONES_PAX_2021_INNENTEIL_FINAL_PRINT_01_Inhalt_P08-14<\/a><\/p>\n","protected":false},"excerpt":{"rendered":"<p>ISBN 978-3-903040-59-9<\/p>\n<p>93 S.<\/p>\n<p>2202<\/p>\n","protected":false},"featured_media":5327,"comment_status":"closed","ping_status":"closed","template":"","meta":{"pgc_meta":"","kia_subtitle":"Suchen. Stiften. Erhalten"},"product_cat":[117],"product_tag":[384],"acf":[],"_links":{"self":[{"href":"https:\/\/www.wagnerverlag.at\/content\/index.php?rest_route=\/wp\/v2\/product\/5326"}],"collection":[{"href":"https:\/\/www.wagnerverlag.at\/content\/index.php?rest_route=\/wp\/v2\/product"}],"about":[{"href":"https:\/\/www.wagnerverlag.at\/content\/index.php?rest_route=\/wp\/v2\/types\/product"}],"replies":[{"embeddable":true,"href":"https:\/\/www.wagnerverlag.at\/content\/index.php?rest_route=%2Fwp%2Fv2%2Fcomments&post=5326"}],"wp:featuredmedia":[{"embeddable":true,"href":"https:\/\/www.wagnerverlag.at\/content\/index.php?rest_route=\/wp\/v2\/media\/5327"}],"wp:attachment":[{"href":"https:\/\/www.wagnerverlag.at\/content\/index.php?rest_route=%2Fwp%2Fv2%2Fmedia&parent=5326"}],"wp:term":[{"taxonomy":"product_cat","embeddable":true,"href":"https:\/\/www.wagnerverlag.at\/content\/index.php?rest_route=%2Fwp%2Fv2%2Fproduct_cat&post=5326"},{"taxonomy":"product_tag","embeddable":true,"href":"https:\/\/www.wagnerverlag.at\/content\/index.php?rest_route=%2Fwp%2Fv2%2Fproduct_tag&post=5326"}],"curies":[{"name":"wp","href":"https:\/\/api.w.org\/{rel}","templated":true}]}}

<p>Pax – Künstler, Theologen, Politikwissenschaftler und Friedensforscher beleuchten unter verschiedenen Aspekten diesen großen Begriff: den äußeren Frieden, gebrochen von den Kriegen dieser Welt, ebenso wie den inneren Frieden, bedroht durch uns selbst.<br />
Dieser Sammelband umfasst die Vorträge, die während der Disputationes im Rahmen der Ouverture spirituelle der Salzburger Festspiele 2021 gehalten wurden. Angesichts der welt-politischen Lage bei Erscheinen dieses Sammelbandes ein Jahr später, wirken manche Bei-träge in dieser Nachlese prophetisch, andere müssten heute anders formuliert werden und belegen so die Schnelllebigkeit unserer Zeit.<br />
Die Frage, die Karl-Josef Kuschel in seinem Beitrag über die Doppelgesichtigkeit der Religionen erörtert, beschäftigt jedoch schon seit Jahrzehnten Theologie und Politik: Kann Frieden und Gewalt im Namen Gottes stattfinden? Der Bogen der Beiträge spannt sich von der detaillierten Abhandlung über Abrüstungsmechanismen und Chancen des inter-religiösen Dialogs bis hin zum persönlichen Erfahrungsbericht des syrischen Flüchtlings und Autors Jad Turjman, der sich wortwörtlich auf die Suche nach Frieden begeben hat. Ist Frieden eine Geisteshaltung? Gibt es Melodien des Frieden? Und wie gelingt Frieden? Diese und weitere Fragen werden erörtert und regen zum Nachdenken an.<br />
Die Disputationes wurden 2012 in Kooperation mit den Salzburger Festspielen ins Leben gerufen, um den spirituellen Prolog der Salzburger Festspiele mit Diskussionen und wissenschaftlichen Erörterungen zu bereichern und zur Reflektion über interkulturelle und interreligiöse Themen anzuregen.<br />
Mit Beiträgen von Hubert Achleitner, Lukas Bärfuss, Erhard Busek, Susanne Jalka, Alexander Kmentt, Karl-Josef Kuschel, Franz Lackner, Dana Landau, Regina Polak, Helga Rabl-Stadler, Clemens Sedmak, Jad Turjman und Dietmar W. Winkler.</p>
<p><a href="https://www.wagnerverlag.at/content/wp-content/uploads/2022/09/DISPUTATIONES_PAX_2021_INNENTEIL_FINAL_PRINT_01_Inhalt_P08-14.pdf">DISPUTATIONES_PAX_2021_INNENTEIL_FINAL_PRINT_01_Inhalt_P08-14</a></p>
