{"id":5125,"date":"2021-04-03T13:09:19","date_gmt":"2021-04-03T12:09:19","guid":{"rendered":"http:\/\/www.wagnerverlag.at\/content\/?post_type=product&#038;p=5125"},"modified":"2021-04-12T09:38:05","modified_gmt":"2021-04-12T08:38:05","slug":"kalvarienberge-in-oberoesterreich","status":"publish","type":"product","link":"https:\/\/www.wagnerverlag.at\/content\/?product=kalvarienberge-in-oberoesterreich","title":{"rendered":"Kalvarienberge in Ober\u00f6sterreich"},"content":{"rendered":"<p>Das mittelalterliche Pilgern ist l\u00e4ngst neu entdeckt worden. Aber nicht nur die gro\u00dfen europ\u00e4ischen Wege (Santiago de Compostela u. a.) werden wieder gegangen. Auch regionale Pilgerwege erfreuen sich touristischer Beliebtheit. Es gibt aber eine Vielzahl althergebrachter, oft unbeachteter Pilgerwege \u2013 die Kalvarienberge! Auf diese kleinen Pilgerwege aufmerksam zu machen, ist das Anliegen des Buches. Kalvarienberge und Kreuzwegstationen sind oft wunderbar in die Landschaft integriert, besitzen spirituelle Ausstrahlung und zeigen kunsthistorisch interessante Exponate.<\/p>\n<p>Peter Pfarl, ein Kenner und Autor zum Thema der ober\u00f6sterreichischen Pilgerwege, stellt 41 ober\u00f6sterreichische Kalvarienberge vor und empfiehlt sie zur religi\u00f6s-spirituellen Wanderung.<\/p>\n<p><a href=\"https:\/\/www.wagnerverlag.at\/content\/wp-content\/uploads\/2021\/04\/Kalvarienberge-O\u00d6_Landkarte_\u00dcbersicht.pdf\">Kalvarienberge O\u00d6_Landkarte_\u00dcbersicht<\/a><\/p>\n<p><a href=\"https:\/\/www.wagnerverlag.at\/content\/wp-content\/uploads\/2021\/04\/Kalvarienberge-O\u00d6_Gramastetten.pdf\">Kalvarienberge O\u00d6_Gramastetten<\/a><\/p>\n","protected":false},"excerpt":{"rendered":"<p>978-3-903040-53-3<\/p>\n<p>188 S.<\/p>\n<p>2101<\/p>\n","protected":false},"featured_media":5126,"comment_status":"closed","ping_status":"closed","template":"","meta":{"pgc_meta":"","kia_subtitle":""},"product_cat":[337,333],"product_tag":[369],"acf":[],"_links":{"self":[{"href":"https:\/\/www.wagnerverlag.at\/content\/index.php?rest_route=\/wp\/v2\/product\/5125"}],"collection":[{"href":"https:\/\/www.wagnerverlag.at\/content\/index.php?rest_route=\/wp\/v2\/product"}],"about":[{"href":"https:\/\/www.wagnerverlag.at\/content\/index.php?rest_route=\/wp\/v2\/types\/product"}],"replies":[{"embeddable":true,"href":"https:\/\/www.wagnerverlag.at\/content\/index.php?rest_route=%2Fwp%2Fv2%2Fcomments&post=5125"}],"wp:featuredmedia":[{"embeddable":true,"href":"https:\/\/www.wagnerverlag.at\/content\/index.php?rest_route=\/wp\/v2\/media\/5126"}],"wp:attachment":[{"href":"https:\/\/www.wagnerverlag.at\/content\/index.php?rest_route=%2Fwp%2Fv2%2Fmedia&parent=5125"}],"wp:term":[{"taxonomy":"product_cat","embeddable":true,"href":"https:\/\/www.wagnerverlag.at\/content\/index.php?rest_route=%2Fwp%2Fv2%2Fproduct_cat&post=5125"},{"taxonomy":"product_tag","embeddable":true,"href":"https:\/\/www.wagnerverlag.at\/content\/index.php?rest_route=%2Fwp%2Fv2%2Fproduct_tag&post=5125"}],"curies":[{"name":"wp","href":"https:\/\/api.w.org\/{rel}","templated":true}]}}