{"id":4894,"date":"2019-11-26T17:27:59","date_gmt":"2019-11-26T16:27:59","guid":{"rendered":"http:\/\/www.wagnerverlag.at\/content\/?post_type=product&#038;p=4894"},"modified":"2019-11-26T17:28:37","modified_gmt":"2019-11-26T16:28:37","slug":"der-bischofshof-im-visier-der-ns-gauleitung","status":"publish","type":"product","link":"https:\/\/www.wagnerverlag.at\/content\/?product=der-bischofshof-im-visier-der-ns-gauleitung","title":{"rendered":"Der Bischofshof im Visier der NS-Gauleitung"},"content":{"rendered":"<p>Zwar nicht die Linzer Bisch\u00f6fe selber, daf\u00fcr zahlreiche seiner engsten Mitarbeiter gerieten in der NS-Zeit in das Visier der Gauleitung. Manche von ihnen &#8222;litten f\u00fcr den Bischof&#8220; in KZ oder Gef\u00e4ngnis. Das Buch stellt eine neue Etappe di\u00f6zesaner Erinnerungskultur dar.<\/p>\n","protected":false},"excerpt":{"rendered":"<p>ISBN 978-3-903040-44-1<\/p>\n<p>108 S.<\/p>\n<p>Best.Nr. 1911<\/p>\n","protected":false},"featured_media":4895,"comment_status":"closed","ping_status":"closed","template":"","meta":{"pgc_meta":"","kia_subtitle":""},"product_cat":[111],"product_tag":[356],"acf":[],"_links":{"self":[{"href":"https:\/\/www.wagnerverlag.at\/content\/index.php?rest_route=\/wp\/v2\/product\/4894"}],"collection":[{"href":"https:\/\/www.wagnerverlag.at\/content\/index.php?rest_route=\/wp\/v2\/product"}],"about":[{"href":"https:\/\/www.wagnerverlag.at\/content\/index.php?rest_route=\/wp\/v2\/types\/product"}],"replies":[{"embeddable":true,"href":"https:\/\/www.wagnerverlag.at\/content\/index.php?rest_route=%2Fwp%2Fv2%2Fcomments&post=4894"}],"wp:featuredmedia":[{"embeddable":true,"href":"https:\/\/www.wagnerverlag.at\/content\/index.php?rest_route=\/wp\/v2\/media\/4895"}],"wp:attachment":[{"href":"https:\/\/www.wagnerverlag.at\/content\/index.php?rest_route=%2Fwp%2Fv2%2Fmedia&parent=4894"}],"wp:term":[{"taxonomy":"product_cat","embeddable":true,"href":"https:\/\/www.wagnerverlag.at\/content\/index.php?rest_route=%2Fwp%2Fv2%2Fproduct_cat&post=4894"},{"taxonomy":"product_tag","embeddable":true,"href":"https:\/\/www.wagnerverlag.at\/content\/index.php?rest_route=%2Fwp%2Fv2%2Fproduct_tag&post=4894"}],"curies":[{"name":"wp","href":"https:\/\/api.w.org\/{rel}","templated":true}]}}