{"id":4813,"date":"2019-10-10T17:27:46","date_gmt":"2019-10-10T16:27:46","guid":{"rendered":"http:\/\/www.wagnerverlag.at\/content\/?post_type=product&#038;p=4813"},"modified":"2019-10-10T17:56:58","modified_gmt":"2019-10-10T16:56:58","slug":"eine-kritische-dogmatik","status":"publish","type":"product","link":"https:\/\/www.wagnerverlag.at\/content\/?product=eine-kritische-dogmatik","title":{"rendered":"Eine kritische Dogmatik"},"content":{"rendered":"<p>Theologie \u2013 noch dazu in \u201edogmatischer\u201c Form \u2013 erschreckt entweder oder f\u00fchrt zu Achselzucken. Das muss nicht so sein: kann doch diese mittlerweile historisch sensible Reflexionsform vor Augen f\u00fchren, wie die Inhalte zentraler dogmatischer Traktate, wenn kritisch interpretiert, selbst einer s\u00e4kularen Leserschaft noch zu denken geben <em>k\u00f6nnen<\/em>. Walter Rabergers sp\u00e4te Vorlesungen (2008 \u2013 2017) zeugen von einer Dogmatik, die denkerisch aufw\u00e4ndig (geworden) ist und an der sich zugleich wichtige Entwicklungslinien des Faches seit dem II. Vatikanum nachzeichnen lassen.<\/p>\n","protected":false},"excerpt":{"rendered":"<p>ISBN 978-3-903040-45-8<\/p>\n<p>633 S.<\/p>\n<p>Best.Nr. 1912<\/p>\n","protected":false},"featured_media":4818,"comment_status":"closed","ping_status":"closed","template":"","meta":{"pgc_meta":"","kia_subtitle":""},"product_cat":[117],"product_tag":[],"acf":[],"_links":{"self":[{"href":"https:\/\/www.wagnerverlag.at\/content\/index.php?rest_route=\/wp\/v2\/product\/4813"}],"collection":[{"href":"https:\/\/www.wagnerverlag.at\/content\/index.php?rest_route=\/wp\/v2\/product"}],"about":[{"href":"https:\/\/www.wagnerverlag.at\/content\/index.php?rest_route=\/wp\/v2\/types\/product"}],"replies":[{"embeddable":true,"href":"https:\/\/www.wagnerverlag.at\/content\/index.php?rest_route=%2Fwp%2Fv2%2Fcomments&post=4813"}],"wp:featuredmedia":[{"embeddable":true,"href":"https:\/\/www.wagnerverlag.at\/content\/index.php?rest_route=\/wp\/v2\/media\/4818"}],"wp:attachment":[{"href":"https:\/\/www.wagnerverlag.at\/content\/index.php?rest_route=%2Fwp%2Fv2%2Fmedia&parent=4813"}],"wp:term":[{"taxonomy":"product_cat","embeddable":true,"href":"https:\/\/www.wagnerverlag.at\/content\/index.php?rest_route=%2Fwp%2Fv2%2Fproduct_cat&post=4813"},{"taxonomy":"product_tag","embeddable":true,"href":"https:\/\/www.wagnerverlag.at\/content\/index.php?rest_route=%2Fwp%2Fv2%2Fproduct_tag&post=4813"}],"curies":[{"name":"wp","href":"https:\/\/api.w.org\/{rel}","templated":true}]}}