{"id":4700,"date":"2019-03-15T10:27:13","date_gmt":"2019-03-15T09:27:13","guid":{"rendered":"http:\/\/www.wagnerverlag.at\/content\/?post_type=product&#038;p=4700"},"modified":"2019-06-19T09:25:39","modified_gmt":"2019-06-19T08:25:39","slug":"das-ostergeheimnis","status":"publish","type":"product","link":"https:\/\/www.wagnerverlag.at\/content\/?product=das-ostergeheimnis","title":{"rendered":"Das Ostergeheimnis"},"content":{"rendered":"<p>Das Ostergeheimnis- ein Buch von Kindern und Menschen mit besonderen Begabungen. F\u00fcr Kinder und Erwachsene, zum Vorlesen, Nachdenken und Malen.<br \/>\nEinf\u00fchlsame Bilder von Melanie Vierziger, K\u00fcnstlerin in der Siebdruckwerkst\u00e4tte des Instituts Hartheim f\u00fcr kognitiv und mehrfach beeintr\u00e4chtigte Menschen bei Linz, dazu ber\u00fchrende Texte von Sch\u00fclerinnen und Sch\u00fclern der itegrativ gef\u00fchrten Martin Buber Landesschule in Hartheim- Die bekannte Kinderbuchautorin Lene Mayer-Skumanz f\u00fchrt uns in ihren Beitr\u00e4gen f\u00fcr Eltern und Kinder zu einer neuen Sicht auf die Ereignisse rund um Kreuzweg und Auferstehung Jesu vor 2000 Jahren. Ein einzigartiges Buch, das man gern in die Hand nimmt und nicht so schnell wieder weglegt.<\/p>\n","protected":false},"excerpt":{"rendered":"<p>ISBN: 978-3-903040-34-2<\/p>\n","protected":false},"featured_media":4699,"comment_status":"closed","ping_status":"closed","template":"","meta":{"pgc_meta":"","kia_subtitle":"Bilder und Texte zum Vorlesen, Nachdenken und Malen"},"product_cat":[117],"product_tag":[343,342],"acf":[],"_links":{"self":[{"href":"https:\/\/www.wagnerverlag.at\/content\/index.php?rest_route=\/wp\/v2\/product\/4700"}],"collection":[{"href":"https:\/\/www.wagnerverlag.at\/content\/index.php?rest_route=\/wp\/v2\/product"}],"about":[{"href":"https:\/\/www.wagnerverlag.at\/content\/index.php?rest_route=\/wp\/v2\/types\/product"}],"replies":[{"embeddable":true,"href":"https:\/\/www.wagnerverlag.at\/content\/index.php?rest_route=%2Fwp%2Fv2%2Fcomments&post=4700"}],"wp:featuredmedia":[{"embeddable":true,"href":"https:\/\/www.wagnerverlag.at\/content\/index.php?rest_route=\/wp\/v2\/media\/4699"}],"wp:attachment":[{"href":"https:\/\/www.wagnerverlag.at\/content\/index.php?rest_route=%2Fwp%2Fv2%2Fmedia&parent=4700"}],"wp:term":[{"taxonomy":"product_cat","embeddable":true,"href":"https:\/\/www.wagnerverlag.at\/content\/index.php?rest_route=%2Fwp%2Fv2%2Fproduct_cat&post=4700"},{"taxonomy":"product_tag","embeddable":true,"href":"https:\/\/www.wagnerverlag.at\/content\/index.php?rest_route=%2Fwp%2Fv2%2Fproduct_tag&post=4700"}],"curies":[{"name":"wp","href":"https:\/\/api.w.org\/{rel}","templated":true}]}}