{"id":4182,"date":"2016-08-17T08:34:23","date_gmt":"2016-08-17T07:34:23","guid":{"rendered":"http:\/\/www.wagnerverlag.at\/content\/?post_type=product&#038;p=4182"},"modified":"2017-07-07T10:27:30","modified_gmt":"2017-07-07T09:27:30","slug":"leben-ist-vielfalt-pluralitaet-in-gesellschaft-und-kirche","status":"publish","type":"product","link":"https:\/\/www.wagnerverlag.at\/content\/?product=leben-ist-vielfalt-pluralitaet-in-gesellschaft-und-kirche","title":{"rendered":"Leben ist Vielfalt. Pluralit\u00e4t in Gesellschaft und Kirche"},"content":{"rendered":"<p style=\"text-align: justify;\">Pluralit\u00e4t ist Realit\u00e4t &#8211; auch kirchliche Realit\u00e4t. Pluralit\u00e4t ist sch\u00f6ne, bunte, bereichernde, verwirrende, widerspr\u00fcchliche, schmerzhafte Vielfalt, die stets die eigenen Vorstellungen \u00fcbersteigt. Und es gilt, damit zu leben. Die Beitr\u00e4ge in diesem Buch zeigen &#8211; aufbauend auf der \u00d6sterreichischen Pastoraltagung 2016 -, was dabei zu beachten ist und wie dies auf gute Art gelingen kann.<\/p>\n","protected":false},"excerpt":{"rendered":"<p>ISBN: 978-3-903040-12-0<\/p>\n<p>157 Seiten<\/p>\n<p>Bestellnummer: 1602<\/p>\n","protected":false},"featured_media":4197,"comment_status":"closed","ping_status":"closed","template":"","meta":{"pgc_meta":"","kia_subtitle":"Walter Krieger, Balthasar Sieberer (Hg.)"},"product_cat":[115],"product_tag":[276,175,158],"acf":[],"_links":{"self":[{"href":"https:\/\/www.wagnerverlag.at\/content\/index.php?rest_route=\/wp\/v2\/product\/4182"}],"collection":[{"href":"https:\/\/www.wagnerverlag.at\/content\/index.php?rest_route=\/wp\/v2\/product"}],"about":[{"href":"https:\/\/www.wagnerverlag.at\/content\/index.php?rest_route=\/wp\/v2\/types\/product"}],"replies":[{"embeddable":true,"href":"https:\/\/www.wagnerverlag.at\/content\/index.php?rest_route=%2Fwp%2Fv2%2Fcomments&post=4182"}],"wp:featuredmedia":[{"embeddable":true,"href":"https:\/\/www.wagnerverlag.at\/content\/index.php?rest_route=\/wp\/v2\/media\/4197"}],"wp:attachment":[{"href":"https:\/\/www.wagnerverlag.at\/content\/index.php?rest_route=%2Fwp%2Fv2%2Fmedia&parent=4182"}],"wp:term":[{"taxonomy":"product_cat","embeddable":true,"href":"https:\/\/www.wagnerverlag.at\/content\/index.php?rest_route=%2Fwp%2Fv2%2Fproduct_cat&post=4182"},{"taxonomy":"product_tag","embeddable":true,"href":"https:\/\/www.wagnerverlag.at\/content\/index.php?rest_route=%2Fwp%2Fv2%2Fproduct_tag&post=4182"}],"curies":[{"name":"wp","href":"https:\/\/api.w.org\/{rel}","templated":true}]}}