{"id":3311,"date":"2015-12-02T09:55:09","date_gmt":"2015-12-02T08:55:09","guid":{"rendered":"http:\/\/www.wagnerverlag.at\/content\/?post_type=product&#038;p=3311"},"modified":"2017-07-07T10:28:05","modified_gmt":"2017-07-07T09:28:05","slug":"franz-reinthaler","status":"publish","type":"product","link":"https:\/\/www.wagnerverlag.at\/content\/?product=franz-reinthaler","title":{"rendered":"Franz Reinthaler. Maler und Pfarrer"},"content":{"rendered":"<p style=\"text-align: justify;\"><span class=\"readonlyText multiple\">Der Ausstellungskatalog zeugt vom k\u00fcnstlerischen Wirken des Malers und Priesters Franz Reinthaler. Der ehemalige Franziskanerpater und nachmalige Pfarrer von Kamering (K\u00e4rnten) wurde 1901 im ober\u00f6sterreichischen Offenhausen geboren. Er liegt auch dort begraben.<br \/>\nDie vorwiegend religi\u00f6sen Darstellungen des Malers sind der Kunst des 19. Jahrhunderts zuzuordnen. Seine Sp\u00e4twerke tragen allerdings bereits deutlich kubistische Z\u00fcge.<\/span><\/p>\n<p>&nbsp;<\/p>\n","protected":false},"excerpt":{"rendered":"<p>Mit einem Essay von Alois Brandstetter<\/p>\n<p>ISBN: 978-3-903040-10-6<\/p>\n<p>88 S., \u00fcberwiegend Ill.<\/p>\n<p>Bestellnummer: 1509<\/p>\n","protected":false},"featured_media":3978,"comment_status":"closed","ping_status":"closed","template":"","meta":{"pgc_meta":"","kia_subtitle":"Anton Reinthaler (Hg.)"},"product_cat":[333],"product_tag":[154],"acf":[],"_links":{"self":[{"href":"https:\/\/www.wagnerverlag.at\/content\/index.php?rest_route=\/wp\/v2\/product\/3311"}],"collection":[{"href":"https:\/\/www.wagnerverlag.at\/content\/index.php?rest_route=\/wp\/v2\/product"}],"about":[{"href":"https:\/\/www.wagnerverlag.at\/content\/index.php?rest_route=\/wp\/v2\/types\/product"}],"replies":[{"embeddable":true,"href":"https:\/\/www.wagnerverlag.at\/content\/index.php?rest_route=%2Fwp%2Fv2%2Fcomments&post=3311"}],"wp:featuredmedia":[{"embeddable":true,"href":"https:\/\/www.wagnerverlag.at\/content\/index.php?rest_route=\/wp\/v2\/media\/3978"}],"wp:attachment":[{"href":"https:\/\/www.wagnerverlag.at\/content\/index.php?rest_route=%2Fwp%2Fv2%2Fmedia&parent=3311"}],"wp:term":[{"taxonomy":"product_cat","embeddable":true,"href":"https:\/\/www.wagnerverlag.at\/content\/index.php?rest_route=%2Fwp%2Fv2%2Fproduct_cat&post=3311"},{"taxonomy":"product_tag","embeddable":true,"href":"https:\/\/www.wagnerverlag.at\/content\/index.php?rest_route=%2Fwp%2Fv2%2Fproduct_tag&post=3311"}],"curies":[{"name":"wp","href":"https:\/\/api.w.org\/{rel}","templated":true}]}}