{"id":3133,"date":"2015-09-23T17:31:39","date_gmt":"2015-09-23T16:31:39","guid":{"rendered":"http:\/\/www.wagnerverlag.at\/content\/?post_type=product&#038;p=3133"},"modified":"2016-07-04T09:31:31","modified_gmt":"2016-07-04T08:31:31","slug":"heimat-hafen","status":"publish","type":"product","link":"https:\/\/www.wagnerverlag.at\/content\/?product=heimat-hafen","title":{"rendered":"Heimat Hafen"},"content":{"rendered":"<p style=\"text-align: justify;\">Nach Jahrzehnten besucht der Autor seine ehemalige Arbeitsst\u00e4tte \u2013 den Linzer Hafen \u2013 und erinnert sich. Minuti\u00f6s erz\u00e4hlt der ehemalige Kranfahrer von den Arbeitsabl\u00e4ufen im Hafenbecken und in den Silos; von den Menschen, die schwerste k\u00f6rperliche Arbeit verrichteten; von den Schiffen und ihren Besatzungen usw. Der Autor versteht es hervorragend, die von k\u00f6rperlicher Anstrengung und vielen Gefahren gepr\u00e4gte Arbeitswelt der 1960er Jahre lebendig werden zu lassen. Da er auch im Hafengebiet aufgewachsen ist, f\u00fchrt ihn die Zeitreise auch in das ehemalige Wohngebiet seiner Kindheit. Eindrucksvoll beschreibt der Autor die Lebensbedingungen der Nachkriegszeit und die Menschen mit ihren typischen Mentalit\u00e4ten.<\/p>\n","protected":false},"excerpt":{"rendered":"<p>ISBN: 978-3-903040-00-7<\/p>\n<p>250 Seiten, Illustrationen<\/p>\n<p>Bestellnummer: 1410<\/p>\n","protected":false},"featured_media":3985,"comment_status":"closed","ping_status":"closed","template":"","meta":{"pgc_meta":"","kia_subtitle":"Herbert Kaar"},"product_cat":[107],"product_tag":[163],"acf":[],"_links":{"self":[{"href":"https:\/\/www.wagnerverlag.at\/content\/index.php?rest_route=\/wp\/v2\/product\/3133"}],"collection":[{"href":"https:\/\/www.wagnerverlag.at\/content\/index.php?rest_route=\/wp\/v2\/product"}],"about":[{"href":"https:\/\/www.wagnerverlag.at\/content\/index.php?rest_route=\/wp\/v2\/types\/product"}],"replies":[{"embeddable":true,"href":"https:\/\/www.wagnerverlag.at\/content\/index.php?rest_route=%2Fwp%2Fv2%2Fcomments&post=3133"}],"wp:featuredmedia":[{"embeddable":true,"href":"https:\/\/www.wagnerverlag.at\/content\/index.php?rest_route=\/wp\/v2\/media\/3985"}],"wp:attachment":[{"href":"https:\/\/www.wagnerverlag.at\/content\/index.php?rest_route=%2Fwp%2Fv2%2Fmedia&parent=3133"}],"wp:term":[{"taxonomy":"product_cat","embeddable":true,"href":"https:\/\/www.wagnerverlag.at\/content\/index.php?rest_route=%2Fwp%2Fv2%2Fproduct_cat&post=3133"},{"taxonomy":"product_tag","embeddable":true,"href":"https:\/\/www.wagnerverlag.at\/content\/index.php?rest_route=%2Fwp%2Fv2%2Fproduct_tag&post=3133"}],"curies":[{"name":"wp","href":"https:\/\/api.w.org\/{rel}","templated":true}]}}