{"id":3114,"date":"2015-09-23T17:04:28","date_gmt":"2015-09-23T16:04:28","guid":{"rendered":"http:\/\/www.wagnerverlag.at\/content\/?post_type=product&#038;p=3114"},"modified":"2017-07-07T10:31:05","modified_gmt":"2017-07-07T09:31:05","slug":"erzherzog-maximilian-joseph-von-oesterreich-este","status":"publish","type":"product","link":"https:\/\/www.wagnerverlag.at\/content\/?product=erzherzog-maximilian-joseph-von-oesterreich-este","title":{"rendered":"Erzherzog Maximilian Joseph von \u00d6sterreich-Este (1782-1863). Hochmeister \u2013 Festungsplaner \u2013 Sozialreformer \u2013 Bildungsf\u00f6rderer"},"content":{"rendered":"<p style=\"text-align: justify;\">Durch sein Engagement auf unterschiedlichen Feldern des gesellschaftlichen-sozialen und des kirchlich-religi\u00f6sen Lebens wurde der Kaiserneffe Maximilian Joseph von \u00d6sterreich-Este zu einer der pr\u00e4gendsten Gestalten des 19. Jahrhunderts. Als Hochmeister f\u00fchrte er den Deutschen Orden zu einer neuen Bl\u00fcte und pr\u00e4gte seine heutige Gestalt\u00a0 durch die Wiederbelebung des Schwesternzweiges und die Errichtung von Priesterkonventen. Er gr\u00fcndete Schulen, Hospize und H\u00e4user der Armen- und Krankenf\u00fcrsorge und f\u00f6rderte die Bildung der weiblichen Jugend. In Linz ist er f\u00fcr die Errichtung der Wehrt\u00fcrme bekannt. Als F\u00f6rderer der Jesuiten, Redemptoristen und der Barmherzigen Schwestern kommt ihm in der Geschichte Ober\u00f6sterreichs ein bleibender Platz zu. Im Salzkammergut wird heute noch seine Hilfsbereitschaft in sozialen N\u00f6ten ger\u00fchmt, und er gilt bei den Menschen seitdem als der \u201egute Erzherzog\u201c.<\/p>\n","protected":false},"excerpt":{"rendered":"<p>ISBN: 978-3-902330-92-5<\/p>\n<p>470 Seiten, zahlreiche farbige Abbildungen<\/p>\n<p>Bestellnummer: 1316<\/p>\n","protected":false},"featured_media":4002,"comment_status":"closed","ping_status":"closed","template":"","meta":{"pgc_meta":"","kia_subtitle":"Ewald Volgger OT (Hg.)"},"product_cat":[107],"product_tag":[182],"acf":[],"_links":{"self":[{"href":"https:\/\/www.wagnerverlag.at\/content\/index.php?rest_route=\/wp\/v2\/product\/3114"}],"collection":[{"href":"https:\/\/www.wagnerverlag.at\/content\/index.php?rest_route=\/wp\/v2\/product"}],"about":[{"href":"https:\/\/www.wagnerverlag.at\/content\/index.php?rest_route=\/wp\/v2\/types\/product"}],"replies":[{"embeddable":true,"href":"https:\/\/www.wagnerverlag.at\/content\/index.php?rest_route=%2Fwp%2Fv2%2Fcomments&post=3114"}],"wp:featuredmedia":[{"embeddable":true,"href":"https:\/\/www.wagnerverlag.at\/content\/index.php?rest_route=\/wp\/v2\/media\/4002"}],"wp:attachment":[{"href":"https:\/\/www.wagnerverlag.at\/content\/index.php?rest_route=%2Fwp%2Fv2%2Fmedia&parent=3114"}],"wp:term":[{"taxonomy":"product_cat","embeddable":true,"href":"https:\/\/www.wagnerverlag.at\/content\/index.php?rest_route=%2Fwp%2Fv2%2Fproduct_cat&post=3114"},{"taxonomy":"product_tag","embeddable":true,"href":"https:\/\/www.wagnerverlag.at\/content\/index.php?rest_route=%2Fwp%2Fv2%2Fproduct_tag&post=3114"}],"curies":[{"name":"wp","href":"https:\/\/api.w.org\/{rel}","templated":true}]}}