{"id":3096,"date":"2015-09-23T16:02:14","date_gmt":"2015-09-23T15:02:14","guid":{"rendered":"http:\/\/www.wagnerverlag.at\/content\/?post_type=product&#038;p=3096"},"modified":"2017-07-10T09:26:19","modified_gmt":"2017-07-10T08:26:19","slug":"wenn-ich-mal-ins-altenheim","status":"publish","type":"product","link":"https:\/\/www.wagnerverlag.at\/content\/?product=wenn-ich-mal-ins-altenheim","title":{"rendered":"Wenn ich mal ins Altenheim\u2026 Ein Behelf f\u00fcr die Seniorenarbeit"},"content":{"rendered":"<p style=\"text-align: justify;\">Die Autorinnen wollen zeigen, dass das Altenheim nicht Endstation sein muss, sondern auch Zielhafen sein kann. Das Altenheim bietet Chancen, die vielen Menschen nicht bewusst sind. Sie haben Vorschl\u00e4ge zusammengetragen, wie der Weg ins Altenheim weniger angstbesetzt werden kann und wie sich Angeh\u00f6rige positiv einbringen k\u00f6nnen.<\/p>\n","protected":false},"excerpt":{"rendered":"<p>ISBN:\u00a0 978-3-902330-71-0<\/p>\n<p>110 Seiten, Fotos, Abbildungen<\/p>\n<p><span style=\"color: #ff0000;\"><a style=\"color: #ff0000;\" href=\"https:\/\/www.wagnerverlag.at\/content\/wp-content\/uploads\/2012\/09\/Titelblatt_Inhaltsverzeichnis.pdf\">Inhaltsverzeichnis<\/a><\/span><\/p>\n<p>Bestellnummer: 1210<\/p>\n","protected":false},"featured_media":4023,"comment_status":"closed","ping_status":"closed","template":"","meta":{"pgc_meta":"","kia_subtitle":"Sandra M\u00f6rixbauer, Veronika Plasser, Anna Weiler"},"product_cat":[124],"product_tag":[197,198,199],"acf":[],"_links":{"self":[{"href":"https:\/\/www.wagnerverlag.at\/content\/index.php?rest_route=\/wp\/v2\/product\/3096"}],"collection":[{"href":"https:\/\/www.wagnerverlag.at\/content\/index.php?rest_route=\/wp\/v2\/product"}],"about":[{"href":"https:\/\/www.wagnerverlag.at\/content\/index.php?rest_route=\/wp\/v2\/types\/product"}],"replies":[{"embeddable":true,"href":"https:\/\/www.wagnerverlag.at\/content\/index.php?rest_route=%2Fwp%2Fv2%2Fcomments&post=3096"}],"wp:featuredmedia":[{"embeddable":true,"href":"https:\/\/www.wagnerverlag.at\/content\/index.php?rest_route=\/wp\/v2\/media\/4023"}],"wp:attachment":[{"href":"https:\/\/www.wagnerverlag.at\/content\/index.php?rest_route=%2Fwp%2Fv2%2Fmedia&parent=3096"}],"wp:term":[{"taxonomy":"product_cat","embeddable":true,"href":"https:\/\/www.wagnerverlag.at\/content\/index.php?rest_route=%2Fwp%2Fv2%2Fproduct_cat&post=3096"},{"taxonomy":"product_tag","embeddable":true,"href":"https:\/\/www.wagnerverlag.at\/content\/index.php?rest_route=%2Fwp%2Fv2%2Fproduct_tag&post=3096"}],"curies":[{"name":"wp","href":"https:\/\/api.w.org\/{rel}","templated":true}]}}