{"id":3090,"date":"2015-09-23T15:46:28","date_gmt":"2015-09-23T14:46:28","guid":{"rendered":"http:\/\/www.wagnerverlag.at\/content\/?post_type=product&#038;p=3090"},"modified":"2016-07-04T09:52:38","modified_gmt":"2016-07-04T08:52:38","slug":"tagungsband-kongress-integrierte-versorgung","status":"publish","type":"product","link":"https:\/\/www.wagnerverlag.at\/content\/?product=tagungsband-kongress-integrierte-versorgung","title":{"rendered":"Tagungsband &#8222;Kongress Integrierte Versorgung&#8220;. \u201eDurch Kooperation und Netzwerkarbeit zum Erfolg\u201c"},"content":{"rendered":"<p style=\"text-align: justify;\">Die Komplexit\u00e4t des Gesundheits- und Sozialsystems l\u00e4sst keine einfachen L\u00f6sungen f\u00fcr erfolgreiche Integration zu. \u201ePatientIn\u201c und \u201eKlientIn\u201c sind\u00a0 KooperationspartnerIn und AdressatIn aller Integrationsbem\u00fchungen. Gesundheits- und Sozialprofessionals wollen mit den Betroffenen ein m\u00f6glichst hohes Verst\u00e4ndnis von Gesundheitserhaltung generieren. Die Gesundheits- und Sozialprofessionals agieren dabei als DienstleisterInnen an der Bev\u00f6lkerung, die ihre M\u00f6glichkeiten der Selbstversorgung besser verstehen und umsetzen lernen muss. Deshalb braucht Kooperation und Netzwerkarbeit die Mitwirkung der Bev\u00f6lkerung sowie den Br\u00fcckenschlag \u00fcber Organisationsgrenzen hinweg.<\/p>\n","protected":false},"excerpt":{"rendered":"<p>ISBN: 978-3-902330-69-7<\/p>\n<p>120 Seiten, 9 Abbildungen<\/p>\n<p>Bestellnummer: 1205<\/p>\n","protected":false},"featured_media":4036,"comment_status":"closed","ping_status":"closed","template":"","meta":{"pgc_meta":"","kia_subtitle":"FH O\u00d6 Studienbetriebs GmbH (Hg.)"},"product_cat":[128],"product_tag":[208],"acf":[],"_links":{"self":[{"href":"https:\/\/www.wagnerverlag.at\/content\/index.php?rest_route=\/wp\/v2\/product\/3090"}],"collection":[{"href":"https:\/\/www.wagnerverlag.at\/content\/index.php?rest_route=\/wp\/v2\/product"}],"about":[{"href":"https:\/\/www.wagnerverlag.at\/content\/index.php?rest_route=\/wp\/v2\/types\/product"}],"replies":[{"embeddable":true,"href":"https:\/\/www.wagnerverlag.at\/content\/index.php?rest_route=%2Fwp%2Fv2%2Fcomments&post=3090"}],"wp:featuredmedia":[{"embeddable":true,"href":"https:\/\/www.wagnerverlag.at\/content\/index.php?rest_route=\/wp\/v2\/media\/4036"}],"wp:attachment":[{"href":"https:\/\/www.wagnerverlag.at\/content\/index.php?rest_route=%2Fwp%2Fv2%2Fmedia&parent=3090"}],"wp:term":[{"taxonomy":"product_cat","embeddable":true,"href":"https:\/\/www.wagnerverlag.at\/content\/index.php?rest_route=%2Fwp%2Fv2%2Fproduct_cat&post=3090"},{"taxonomy":"product_tag","embeddable":true,"href":"https:\/\/www.wagnerverlag.at\/content\/index.php?rest_route=%2Fwp%2Fv2%2Fproduct_tag&post=3090"}],"curies":[{"name":"wp","href":"https:\/\/api.w.org\/{rel}","templated":true}]}}