{"id":3066,"date":"2015-09-23T14:20:55","date_gmt":"2015-09-23T13:20:55","guid":{"rendered":"http:\/\/www.wagnerverlag.at\/content\/?post_type=product&#038;p=3066"},"modified":"2016-07-04T10:06:09","modified_gmt":"2016-07-04T09:06:09","slug":"einhaengen-heben-aufsetzen-der-last","status":"publish","type":"product","link":"https:\/\/www.wagnerverlag.at\/content\/?product=einhaengen-heben-aufsetzen-der-last","title":{"rendered":"Einh\u00e4ngen \u2013 Heben \u2013 Aufsetzen der Last. Eine Nachkriegsbiografie"},"content":{"rendered":"<p style=\"text-align: justify;\">Die Recherche \u00fcber den j\u00fcdischen Vater, der im KZ umkam, bietet den Rahmen der Autobiografie. Verwoben mit den historischen Spuren dieser Trag\u00f6die erz\u00e4hlt der Autor seine eigene Lebensgeschichte. Er berichtet von seiner Kindheit im Linzer Hafenviertel, von Spiel und Sport in der dortigen Pfarre (Hafenkirche), der harten Zeit als Schlosserlehrling in den 1950er-Jahren, der Akkordarbeit und der T\u00e4tigkeit als Kranf\u00fchrer im Linzer Hafen.<br \/>\nAber auch die Erfahrungen eines heranwachsenden, pubertierenden Jugendlichen kommen nicht zu kurz. Die Erlebnisse des Autors in Partnerschaft, Freizeit und Sport beschreiben typische Grundz\u00fcge der Gesellschaft der Nachkriegszeit, sie schildern den Aufbruch der Nachkriegsjugend in den sp\u00e4ten 1950iger und 1960iger Jahre und erz\u00e4hlen von einem jungen Menschen, der sich seine Reife unter miserablen sozialen und \u00f6konomischen Bedingungen, aber mit bewundernswerter Zielstrebigkeit erwirbt.<br \/>\nDas Buch ist mehr als eine Biografie. Es macht viele brisante politische, gesellschaftliche und individuelle Dimensionen des 20. Jahrhunderts deutlich.<\/p>\n","protected":false},"excerpt":{"rendered":"<p>ISBN: 978-3-902330-45-1<\/p>\n<p>Bestellnummer: 1003<\/p>\n","protected":false},"featured_media":4065,"comment_status":"closed","ping_status":"closed","template":"","meta":{"pgc_meta":"","kia_subtitle":"Herbert Kaar"},"product_cat":[107],"product_tag":[163],"acf":[],"_links":{"self":[{"href":"https:\/\/www.wagnerverlag.at\/content\/index.php?rest_route=\/wp\/v2\/product\/3066"}],"collection":[{"href":"https:\/\/www.wagnerverlag.at\/content\/index.php?rest_route=\/wp\/v2\/product"}],"about":[{"href":"https:\/\/www.wagnerverlag.at\/content\/index.php?rest_route=\/wp\/v2\/types\/product"}],"replies":[{"embeddable":true,"href":"https:\/\/www.wagnerverlag.at\/content\/index.php?rest_route=%2Fwp%2Fv2%2Fcomments&post=3066"}],"wp:featuredmedia":[{"embeddable":true,"href":"https:\/\/www.wagnerverlag.at\/content\/index.php?rest_route=\/wp\/v2\/media\/4065"}],"wp:attachment":[{"href":"https:\/\/www.wagnerverlag.at\/content\/index.php?rest_route=%2Fwp%2Fv2%2Fmedia&parent=3066"}],"wp:term":[{"taxonomy":"product_cat","embeddable":true,"href":"https:\/\/www.wagnerverlag.at\/content\/index.php?rest_route=%2Fwp%2Fv2%2Fproduct_cat&post=3066"},{"taxonomy":"product_tag","embeddable":true,"href":"https:\/\/www.wagnerverlag.at\/content\/index.php?rest_route=%2Fwp%2Fv2%2Fproduct_tag&post=3066"}],"curies":[{"name":"wp","href":"https:\/\/api.w.org\/{rel}","templated":true}]}}