{"id":3050,"date":"2015-09-22T19:41:20","date_gmt":"2015-09-22T18:41:20","guid":{"rendered":"http:\/\/www.wagnerverlag.at\/content\/?post_type=product&#038;p=3050"},"modified":"2017-07-07T10:38:20","modified_gmt":"2017-07-07T09:38:20","slug":"aufbrueche","status":"publish","type":"product","link":"https:\/\/www.wagnerverlag.at\/content\/?product=aufbrueche","title":{"rendered":"Aufbr\u00fcche. Gedichte \u2013 Bilder \u2013 Fotografien"},"content":{"rendered":"<p style=\"text-align: justify;\">In entspannten Zeiten und an besonderen Orten, bei einer absichtslosen T\u00e4tigkeit, beim Wandern oder in der Natur \u00f6ffnet sich der Religionsp\u00e4dagogin eine Quelle der Worte und die Gedichte flie\u00dfen heraus. Krankheit wurde Aufbruch und Suche nach Geschenktem, nach Begabungen. Die Texte verdichteten Lebens sind versehen mit Bildern aus eigenem Schaffen.<\/p>\n","protected":false},"excerpt":{"rendered":"<p>ISBN: 978-3-902330-34-5<\/p>\n<p>117 Seiten, broschiert, farbig bebildert<\/p>\n<p><span style=\"color: #ff0000;\"><a style=\"color: #ff0000;\" href=\"https:\/\/www.wagnerverlag.at\/content\/wp-content\/uploads\/2009\/01\/Aufbr\u00fcche-Inhalt.pdf\">Inhaltsverzeichnis<\/a><\/span><\/p>\n<p>Bestellnummer: 0901<\/p>\n","protected":false},"featured_media":4077,"comment_status":"closed","ping_status":"closed","template":"","meta":{"pgc_meta":"","kia_subtitle":"Karin Michel"},"product_cat":[333,331],"product_tag":[221],"acf":[],"_links":{"self":[{"href":"https:\/\/www.wagnerverlag.at\/content\/index.php?rest_route=\/wp\/v2\/product\/3050"}],"collection":[{"href":"https:\/\/www.wagnerverlag.at\/content\/index.php?rest_route=\/wp\/v2\/product"}],"about":[{"href":"https:\/\/www.wagnerverlag.at\/content\/index.php?rest_route=\/wp\/v2\/types\/product"}],"replies":[{"embeddable":true,"href":"https:\/\/www.wagnerverlag.at\/content\/index.php?rest_route=%2Fwp%2Fv2%2Fcomments&post=3050"}],"wp:featuredmedia":[{"embeddable":true,"href":"https:\/\/www.wagnerverlag.at\/content\/index.php?rest_route=\/wp\/v2\/media\/4077"}],"wp:attachment":[{"href":"https:\/\/www.wagnerverlag.at\/content\/index.php?rest_route=%2Fwp%2Fv2%2Fmedia&parent=3050"}],"wp:term":[{"taxonomy":"product_cat","embeddable":true,"href":"https:\/\/www.wagnerverlag.at\/content\/index.php?rest_route=%2Fwp%2Fv2%2Fproduct_cat&post=3050"},{"taxonomy":"product_tag","embeddable":true,"href":"https:\/\/www.wagnerverlag.at\/content\/index.php?rest_route=%2Fwp%2Fv2%2Fproduct_tag&post=3050"}],"curies":[{"name":"wp","href":"https:\/\/api.w.org\/{rel}","templated":true}]}}