{"id":3047,"date":"2015-09-22T19:31:14","date_gmt":"2015-09-22T18:31:14","guid":{"rendered":"http:\/\/www.wagnerverlag.at\/content\/?post_type=product&#038;p=3047"},"modified":"2016-07-06T08:20:35","modified_gmt":"2016-07-06T07:20:35","slug":"im-spannungsfeld-zwischen-kunst-und-kirche","status":"publish","type":"product","link":"https:\/\/www.wagnerverlag.at\/content\/?product=im-spannungsfeld-zwischen-kunst-und-kirche","title":{"rendered":"Im Spannungsfeld zwischen Kunst und Kirche. Ein au\u00dfergew\u00f6hnliches Leben"},"content":{"rendered":"<p style=\"text-align: justify;\">G\u00fcnther Rombold, geboren 1925 in Stuttgart, wurde 1949 in Linz zum Priester geweiht. Immer st\u00e4rker besch\u00e4ftigte ihn die Frage, wie sich moderen Kunst zur Religion verh\u00e4lt. Bleibende Pionierleistungen des Hochschulprofessors, Kunstsammlers und Kurators gro\u00dfer Ausstellungen sind u.a. die Gr\u00fcndung der \u00f6kumenischen Zeitschrift \u201eKunst und Kirche\u201c sowie eines Instituts f\u00fcr Kunst an der der Linzer katholisch-theologischen Fakult\u00e4t.<\/p>\n","protected":false},"excerpt":{"rendered":"<p>ISBN: 978-3-902330-31-4<\/p>\n<p>100 Seiten, zahlreiche s\/w Abbildungen<\/p>\n<p><span style=\"color: #ff0000;\"><a style=\"color: #ff0000;\" href=\"https:\/\/www.wagnerverlag.at\/content\/wp-content\/uploads\/2008\/07\/Im-Spannungsfeld-Kunst-Kirche-Inhalt.pdf\">Inhaltsverzeichnis<\/a><\/span><\/p>\n<p>Bestellnummer: 0807<\/p>\n","protected":false},"featured_media":4081,"comment_status":"closed","ping_status":"closed","template":"","meta":{"pgc_meta":"","kia_subtitle":"G\u00fcnter Rombold"},"product_cat":[107],"product_tag":[157],"acf":[],"_links":{"self":[{"href":"https:\/\/www.wagnerverlag.at\/content\/index.php?rest_route=\/wp\/v2\/product\/3047"}],"collection":[{"href":"https:\/\/www.wagnerverlag.at\/content\/index.php?rest_route=\/wp\/v2\/product"}],"about":[{"href":"https:\/\/www.wagnerverlag.at\/content\/index.php?rest_route=\/wp\/v2\/types\/product"}],"replies":[{"embeddable":true,"href":"https:\/\/www.wagnerverlag.at\/content\/index.php?rest_route=%2Fwp%2Fv2%2Fcomments&post=3047"}],"wp:featuredmedia":[{"embeddable":true,"href":"https:\/\/www.wagnerverlag.at\/content\/index.php?rest_route=\/wp\/v2\/media\/4081"}],"wp:attachment":[{"href":"https:\/\/www.wagnerverlag.at\/content\/index.php?rest_route=%2Fwp%2Fv2%2Fmedia&parent=3047"}],"wp:term":[{"taxonomy":"product_cat","embeddable":true,"href":"https:\/\/www.wagnerverlag.at\/content\/index.php?rest_route=%2Fwp%2Fv2%2Fproduct_cat&post=3047"},{"taxonomy":"product_tag","embeddable":true,"href":"https:\/\/www.wagnerverlag.at\/content\/index.php?rest_route=%2Fwp%2Fv2%2Fproduct_tag&post=3047"}],"curies":[{"name":"wp","href":"https:\/\/api.w.org\/{rel}","templated":true}]}}