{"id":3043,"date":"2015-09-22T19:15:09","date_gmt":"2015-09-22T18:15:09","guid":{"rendered":"http:\/\/www.wagnerverlag.at\/content\/?post_type=product&#038;p=3043"},"modified":"2017-07-10T09:15:19","modified_gmt":"2017-07-10T08:15:19","slug":"wie-kristalle-im-tauben-gestein","status":"publish","type":"product","link":"https:\/\/www.wagnerverlag.at\/content\/?product=wie-kristalle-im-tauben-gestein","title":{"rendered":"Wie Kristalle im tauben Gestein. Christsein im Alltag"},"content":{"rendered":"<p style=\"text-align: justify;\">Das Buch bietet Beitr\u00e4ge, die im Laufe von drei Jahrzehnten bei verschiedenen Anl\u00e4ssen entstanden sind. Hinter den sehr unterschiedlichen Texten verbirgt sich ein gemeinsames Ziel. Die Nagelprobe f\u00fcr die Echtheit des Christenseins ist die Bew\u00e4hrung im Alltag: Der Glaube als Quelle der Kraft und Motivation; der Glaube als Wegweiser f\u00fcr die richtige Lebensgestaltung. Es ist das gemeinsame Ziel dieser Texte, gerade in diese Richtung Impulse zu geben.<\/p>\n","protected":false},"excerpt":{"rendered":"<p>ISBN: 978-902330-27-7<\/p>\n<p>148 Seiten, broschiert<\/p>\n<p><span style=\"color: #ff0000;\"><a style=\"color: #ff0000;\" href=\"https:\/\/www.wagnerverlag.at\/content\/wp-content\/uploads\/2008\/03\/Wie-Kristalle-in-taubem-Gestein-Inhalt.pdf\">Inhaltsverzeichnis<\/a><\/span><\/p>\n<p>Bestellnummer: 0803<\/p>\n","protected":false},"featured_media":4087,"comment_status":"closed","ping_status":"closed","template":"","meta":{"pgc_meta":"","kia_subtitle":"P. Alois Kraxner"},"product_cat":[117],"product_tag":[243],"acf":[],"_links":{"self":[{"href":"https:\/\/www.wagnerverlag.at\/content\/index.php?rest_route=\/wp\/v2\/product\/3043"}],"collection":[{"href":"https:\/\/www.wagnerverlag.at\/content\/index.php?rest_route=\/wp\/v2\/product"}],"about":[{"href":"https:\/\/www.wagnerverlag.at\/content\/index.php?rest_route=\/wp\/v2\/types\/product"}],"replies":[{"embeddable":true,"href":"https:\/\/www.wagnerverlag.at\/content\/index.php?rest_route=%2Fwp%2Fv2%2Fcomments&post=3043"}],"wp:featuredmedia":[{"embeddable":true,"href":"https:\/\/www.wagnerverlag.at\/content\/index.php?rest_route=\/wp\/v2\/media\/4087"}],"wp:attachment":[{"href":"https:\/\/www.wagnerverlag.at\/content\/index.php?rest_route=%2Fwp%2Fv2%2Fmedia&parent=3043"}],"wp:term":[{"taxonomy":"product_cat","embeddable":true,"href":"https:\/\/www.wagnerverlag.at\/content\/index.php?rest_route=%2Fwp%2Fv2%2Fproduct_cat&post=3043"},{"taxonomy":"product_tag","embeddable":true,"href":"https:\/\/www.wagnerverlag.at\/content\/index.php?rest_route=%2Fwp%2Fv2%2Fproduct_tag&post=3043"}],"curies":[{"name":"wp","href":"https:\/\/api.w.org\/{rel}","templated":true}]}}