{"id":3026,"date":"2015-09-22T17:57:58","date_gmt":"2015-09-22T16:57:58","guid":{"rendered":"http:\/\/www.wagnerverlag.at\/content\/?post_type=product&#038;p=3026"},"modified":"2016-07-06T08:36:04","modified_gmt":"2016-07-06T07:36:04","slug":"st-florian-in-der-ns-zeit","status":"publish","type":"product","link":"https:\/\/www.wagnerverlag.at\/content\/?product=st-florian-in-der-ns-zeit","title":{"rendered":"St. Florian in der NS\u2013Zeit"},"content":{"rendered":"<p style=\"text-align: justify;\">Dieses Buch gibt Einblick in die Entwicklung einer \u00f6sterreichischen Gemeinde die urspr\u00fcnglich gewiss keine deutsch-nationale Hochburg war. Es wird aufgezeigt, wie sich in einem traditionell l\u00e4ndlichen, allerdings von einem bedeutenden Stift gepr\u00e4gten Markt, der Nationalsozialismus ausbreitet und das Ortsgeschehen gepr\u00e4gt hat.<\/p>\n","protected":false},"excerpt":{"rendered":"<p>ISBN: 978-3-902330-11-6<\/p>\n<p>261 Seiten, broschiert, s\/w Abbildungen<\/p>\n<p>Bestellnummer: 0502<\/p>\n","protected":false},"featured_media":4105,"comment_status":"closed","ping_status":"closed","template":"","meta":{"pgc_meta":"","kia_subtitle":"Egbert Bernauer"},"product_cat":[111],"product_tag":[250],"acf":[],"_links":{"self":[{"href":"https:\/\/www.wagnerverlag.at\/content\/index.php?rest_route=\/wp\/v2\/product\/3026"}],"collection":[{"href":"https:\/\/www.wagnerverlag.at\/content\/index.php?rest_route=\/wp\/v2\/product"}],"about":[{"href":"https:\/\/www.wagnerverlag.at\/content\/index.php?rest_route=\/wp\/v2\/types\/product"}],"replies":[{"embeddable":true,"href":"https:\/\/www.wagnerverlag.at\/content\/index.php?rest_route=%2Fwp%2Fv2%2Fcomments&post=3026"}],"wp:featuredmedia":[{"embeddable":true,"href":"https:\/\/www.wagnerverlag.at\/content\/index.php?rest_route=\/wp\/v2\/media\/4105"}],"wp:attachment":[{"href":"https:\/\/www.wagnerverlag.at\/content\/index.php?rest_route=%2Fwp%2Fv2%2Fmedia&parent=3026"}],"wp:term":[{"taxonomy":"product_cat","embeddable":true,"href":"https:\/\/www.wagnerverlag.at\/content\/index.php?rest_route=%2Fwp%2Fv2%2Fproduct_cat&post=3026"},{"taxonomy":"product_tag","embeddable":true,"href":"https:\/\/www.wagnerverlag.at\/content\/index.php?rest_route=%2Fwp%2Fv2%2Fproduct_tag&post=3026"}],"curies":[{"name":"wp","href":"https:\/\/api.w.org\/{rel}","templated":true}]}}