{"id":3022,"date":"2015-09-22T17:22:50","date_gmt":"2015-09-22T16:22:50","guid":{"rendered":"http:\/\/www.wagnerverlag.at\/content\/?post_type=product&#038;p=3022"},"modified":"2016-07-06T08:38:19","modified_gmt":"2016-07-06T07:38:19","slug":"altarraum-als-gemeinderaum","status":"publish","type":"product","link":"https:\/\/www.wagnerverlag.at\/content\/?product=altarraum-als-gemeinderaum","title":{"rendered":"Altarraum als Gemeinderaum. Umgestaltung bestehender Kirchen"},"content":{"rendered":"<p style=\"text-align: justify;\">\u201eUmgestaltungen bestehender Kirchen, besonders der Altarr\u00e4ume, bilden in den letzten zwei Jahrzehnten, in denen es kaum noch Neubauten von Kirchen gibt, den Schwerpunkt kirchlicher Baut\u00e4tigkeit. Der Leser wird in diesem Buch mit der Breite der Thematik vertraut gemacht und bekommt eine F\u00fclle von Anregungen f\u00fcr m\u00f6glicherweise anstehende Umgestaltungen von Kirchenr\u00e4umen.\u201c (Klemens Richter, Theologische Revue)<\/p>\n","protected":false},"excerpt":{"rendered":"<p>ISBN: 978-3-902330-06-2<\/p>\n<p>172 Seiten, broschiert, zahlreiche s\/w Abbildungen, mit einer CD Rom zum Buch<\/p>\n<p><span style=\"color: #ff0000;\"><a style=\"color: #ff0000;\" href=\"https:\/\/www.wagnerverlag.at\/content\/wp-content\/uploads\/2004\/03\/Inhaltsverzeichnis-Altarraum-als-Gemeinderaum.pdf\">Inhaltsverzeichnis<\/a><\/span><\/p>\n<p>Bestellnummer: 0403<\/p>\n","protected":false},"featured_media":4110,"comment_status":"closed","ping_status":"closed","template":"","meta":{"pgc_meta":"","kia_subtitle":"Monika Leisch-Kiesl, Christoph Freilinger, J\u00fcrgen Rath (Hg.)"},"product_cat":[117],"product_tag":[263,262,264],"acf":[],"_links":{"self":[{"href":"https:\/\/www.wagnerverlag.at\/content\/index.php?rest_route=\/wp\/v2\/product\/3022"}],"collection":[{"href":"https:\/\/www.wagnerverlag.at\/content\/index.php?rest_route=\/wp\/v2\/product"}],"about":[{"href":"https:\/\/www.wagnerverlag.at\/content\/index.php?rest_route=\/wp\/v2\/types\/product"}],"replies":[{"embeddable":true,"href":"https:\/\/www.wagnerverlag.at\/content\/index.php?rest_route=%2Fwp%2Fv2%2Fcomments&post=3022"}],"wp:featuredmedia":[{"embeddable":true,"href":"https:\/\/www.wagnerverlag.at\/content\/index.php?rest_route=\/wp\/v2\/media\/4110"}],"wp:attachment":[{"href":"https:\/\/www.wagnerverlag.at\/content\/index.php?rest_route=%2Fwp%2Fv2%2Fmedia&parent=3022"}],"wp:term":[{"taxonomy":"product_cat","embeddable":true,"href":"https:\/\/www.wagnerverlag.at\/content\/index.php?rest_route=%2Fwp%2Fv2%2Fproduct_cat&post=3022"},{"taxonomy":"product_tag","embeddable":true,"href":"https:\/\/www.wagnerverlag.at\/content\/index.php?rest_route=%2Fwp%2Fv2%2Fproduct_tag&post=3022"}],"curies":[{"name":"wp","href":"https:\/\/api.w.org\/{rel}","templated":true}]}}