{"id":3006,"date":"2015-09-18T09:30:43","date_gmt":"2015-09-18T08:30:43","guid":{"rendered":"http:\/\/www.wagnerverlag.at\/content\/?post_type=product&#038;p=3006"},"modified":"2017-07-10T09:19:22","modified_gmt":"2017-07-10T08:19:22","slug":"europa-unser-staat","status":"publish","type":"product","link":"https:\/\/www.wagnerverlag.at\/content\/?product=europa-unser-staat","title":{"rendered":"Europa \u2013 unser Staat? Glaube, Moral und Politik der Europaidee"},"content":{"rendered":"<p style=\"text-align: justify;\">Wird das geeinte Europa ein Vorbild der V\u00f6lkervers\u00f6hnung, ein Kartell der Reichen oder ein agressiver Milit\u00e4rblock? Was sagt die christliche Ethik? Severin Renoldner hilft, Zusammenh\u00e4nge zu sehen und ruft auf zum wachen und verantwortungsvollen Mitdenken und Verstehen der vielleicht gr\u00f6\u00dften politischen Herausforderung des 21. Jahrhunderts.<\/p>\n","protected":false},"excerpt":{"rendered":"<p>Geleitwort von Bischof Maximilian Aichern<\/p>\n<p>ISBN: 978-3-9500891-3-4<\/p>\n<p>204 Seiten, broschiert<\/p>\n<p>Bestellnummer: 0002<\/p>\n","protected":false},"featured_media":4121,"comment_status":"closed","ping_status":"closed","template":"","meta":{"pgc_meta":"","kia_subtitle":"Severin Renoldner. Hrsg. von Hans \u00dcbleis"},"product_cat":[117],"product_tag":[273,274],"acf":[],"_links":{"self":[{"href":"https:\/\/www.wagnerverlag.at\/content\/index.php?rest_route=\/wp\/v2\/product\/3006"}],"collection":[{"href":"https:\/\/www.wagnerverlag.at\/content\/index.php?rest_route=\/wp\/v2\/product"}],"about":[{"href":"https:\/\/www.wagnerverlag.at\/content\/index.php?rest_route=\/wp\/v2\/types\/product"}],"replies":[{"embeddable":true,"href":"https:\/\/www.wagnerverlag.at\/content\/index.php?rest_route=%2Fwp%2Fv2%2Fcomments&post=3006"}],"wp:featuredmedia":[{"embeddable":true,"href":"https:\/\/www.wagnerverlag.at\/content\/index.php?rest_route=\/wp\/v2\/media\/4121"}],"wp:attachment":[{"href":"https:\/\/www.wagnerverlag.at\/content\/index.php?rest_route=%2Fwp%2Fv2%2Fmedia&parent=3006"}],"wp:term":[{"taxonomy":"product_cat","embeddable":true,"href":"https:\/\/www.wagnerverlag.at\/content\/index.php?rest_route=%2Fwp%2Fv2%2Fproduct_cat&post=3006"},{"taxonomy":"product_tag","embeddable":true,"href":"https:\/\/www.wagnerverlag.at\/content\/index.php?rest_route=%2Fwp%2Fv2%2Fproduct_tag&post=3006"}],"curies":[{"name":"wp","href":"https:\/\/api.w.org\/{rel}","templated":true}]}}

<p style="text-align: justify;">Wird das geeinte Europa ein Vorbild der Völkerversöhnung, ein Kartell der Reichen oder ein agressiver Militärblock? Was sagt die christliche Ethik? Severin Renoldner hilft, Zusammenhänge zu sehen und ruft auf zum wachen und verantwortungsvollen Mitdenken und Verstehen der vielleicht größten politischen Herausforderung des 21. Jahrhunderts.</p>

Severin Renoldner. Hrsg. von Hans Übleis
