{"id":3001,"date":"2015-09-16T18:54:55","date_gmt":"2015-09-16T17:54:55","guid":{"rendered":"http:\/\/www.wagnerverlag.at\/content\/?post_type=product&#038;p=3001"},"modified":"2016-07-06T08:45:40","modified_gmt":"2016-07-06T07:45:40","slug":"das-stift-schlaegl-und-seine-pfarren-im-dritten-reich","status":"publish","type":"product","link":"https:\/\/www.wagnerverlag.at\/content\/?product=das-stift-schlaegl-und-seine-pfarren-im-dritten-reich","title":{"rendered":"Das Stift Schl\u00e4gl und seine Pfarren im Dritten Reich"},"content":{"rendered":"<p style=\"text-align: justify;\">Der Autor schildert in penibler Weise die Geschehnisse in der NS-Zeit in Pfarren des Oberen M\u00fchlviertels\/Ober\u00f6sterreich. Aber auch die ehemals zum Stift Schl\u00e4gl geh\u00f6renden b\u00f6hmischen Pfarren werden behandelt. Ein Standardwerk der ober\u00f6sterreichischen Regionalgeschichte.<\/p>\n","protected":false},"excerpt":{"rendered":"<p>ISBN: 978-3-9500891-5-8<\/p>\n<p>400 Seiten, Abbildungen<\/p>\n<p>Bestellnummer: 9902<\/p>\n","protected":false},"featured_media":4125,"comment_status":"closed","ping_status":"closed","template":"","meta":{"pgc_meta":"","kia_subtitle":"Johann Gro\u00dfruck"},"product_cat":[111],"product_tag":[216],"acf":[],"_links":{"self":[{"href":"https:\/\/www.wagnerverlag.at\/content\/index.php?rest_route=\/wp\/v2\/product\/3001"}],"collection":[{"href":"https:\/\/www.wagnerverlag.at\/content\/index.php?rest_route=\/wp\/v2\/product"}],"about":[{"href":"https:\/\/www.wagnerverlag.at\/content\/index.php?rest_route=\/wp\/v2\/types\/product"}],"replies":[{"embeddable":true,"href":"https:\/\/www.wagnerverlag.at\/content\/index.php?rest_route=%2Fwp%2Fv2%2Fcomments&post=3001"}],"wp:featuredmedia":[{"embeddable":true,"href":"https:\/\/www.wagnerverlag.at\/content\/index.php?rest_route=\/wp\/v2\/media\/4125"}],"wp:attachment":[{"href":"https:\/\/www.wagnerverlag.at\/content\/index.php?rest_route=%2Fwp%2Fv2%2Fmedia&parent=3001"}],"wp:term":[{"taxonomy":"product_cat","embeddable":true,"href":"https:\/\/www.wagnerverlag.at\/content\/index.php?rest_route=%2Fwp%2Fv2%2Fproduct_cat&post=3001"},{"taxonomy":"product_tag","embeddable":true,"href":"https:\/\/www.wagnerverlag.at\/content\/index.php?rest_route=%2Fwp%2Fv2%2Fproduct_tag&post=3001"}],"curies":[{"name":"wp","href":"https:\/\/api.w.org\/{rel}","templated":true}]}}

Das Stift Schlägl und seine Pfarren im Dritten Reich

<p style="text-align: justify;">Der Autor schildert in penibler Weise die Geschehnisse in der NS-Zeit in Pfarren des Oberen Mühlviertels/Oberösterreich. Aber auch die ehemals zum Stift Schlägl gehörenden böhmischen Pfarren werden behandelt. Ein Standardwerk der oberösterreichischen Regionalgeschichte.</p>

Johann Großruck
